{"id":7694,"date":"2019-10-16T16:13:06","date_gmt":"2019-10-16T16:13:06","guid":{"rendered":"https:\/\/thecentralhousehostels.com\/marrakech\/home\/"},"modified":"2023-01-04T10:16:39","modified_gmt":"2023-01-04T10:16:39","slug":"home","status":"publish","type":"page","link":"https:\/\/thecentralhousehostels.com\/marrakech\/fr\/home\/","title":{"rendered":"Accueil"},"content":{"rendered":"\r\n<p>This is an example page. It&#8217;s different from a blog post because it will stay in one place and will show up in your site navigation (in most themes). Most people start with an About page that introduces them to potential site visitors. It might say something like this:<\/p>\r\n\r\n\r\n\r\n<blockquote class=\"wp-block-quote is-layout-flow wp-block-quote-is-layout-flow\">\r\n<p>Hi there! I&#8217;m a bike messenger by day, aspiring actor by night, and this is my website. I live in Los Angeles, have a great dog named Jack, and I like pi\u00f1a coladas. (And gettin&#8217; caught in the rain.)<\/p>\r\n<\/blockquote>\r\n\r\n\r\n\r\n<p>&#8230;or something like this:<\/p>\r\n\r\n\r\n\r\n<blockquote class=\"wp-block-quote is-layout-flow wp-block-quote-is-layout-flow\">\r\n<p>The XYZ Doohickey Company was founded in 1971, and has been providing quality doohickeys to the public ever since. Located in Gotham City, XYZ employs over 2,000 people and does all kinds of awesome things for the Gotham community.<\/p>\r\n<\/blockquote>\r\n\r\n\r\n\r\n<p>As a new WordPress user, you should go to <a href=\"https:\/\/thecentralhousehostels.com\/lavapies\/wp-admin\/\">your dashboard<\/a> to delete this page and create new pages for your content. Have fun!<\/p>\r\n","protected":false},"excerpt":{"rendered":"<p>This is an example page. It&#8217;s different from a blog post because it will stay in one place and will show up in your site navigation (in most themes). Most people start with an About page that introduces them to potential site visitors. It might say something like this: Hi there! I&#8217;m a bike messenger [&hellip;]<\/p>\n","protected":false},"author":1,"featured_media":0,"parent":0,"menu_order":0,"comment_status":"closed","ping_status":"closed","template":"","meta":{"_monsterinsights_skip_tracking":false,"_monsterinsights_sitenote_active":false,"_monsterinsights_sitenote_note":"","_monsterinsights_sitenote_category":0,"footnotes":""},"yoast_head":"<!-- This site is optimized with the Yoast SEO plugin v18.2 - https:\/\/yoast.com\/wordpress\/plugins\/seo\/ -->\n<title>The Central House - H\u00f4tel et Chambres \u00e0 Medina, Marrakech<\/title>\n<meta name=\"description\" content=\"Vivez l\u2019exp\u00e9rience d\u2019une escapade urbaine authentique \u00e0 Marrakech avec The Central House. \u00c0 Medina, pr\u00e8s du centre-ville, d\u00e9couvrez le v\u00e9ritable Marrakech.\" \/>\n<meta name=\"robots\" content=\"index, follow, max-snippet:-1, max-image-preview:large, max-video-preview:-1\" \/>\n<link rel=\"canonical\" href=\"https:\/\/thecentralhousehostels.com\/marrakech\/\" \/>\n<meta property=\"og:locale\" content=\"en_GB\" \/>\n<meta property=\"og:type\" content=\"article\" \/>\n<meta property=\"og:title\" content=\"The Central House - H\u00f4tel et Chambres \u00e0 Medina, Marrakech\" \/>\n<meta property=\"og:description\" content=\"Vivez l\u2019exp\u00e9rience d\u2019une escapade urbaine authentique \u00e0 Marrakech avec The Central House. \u00c0 Medina, pr\u00e8s du centre-ville, d\u00e9couvrez le v\u00e9ritable Marrakech.\" \/>\n<meta property=\"og:url\" content=\"https:\/\/thecentralhousehostels.com\/marrakech\/fr\/\" \/>\n<meta property=\"og:site_name\" content=\"Marrakech\" \/>\n<meta property=\"article:modified_time\" content=\"2023-01-04T10:16:39+00:00\" \/>\n<meta name=\"twitter:card\" content=\"summary_large_image\" \/>\n<meta name=\"twitter:label1\" content=\"Estimated reading time\" \/>\n\t<meta name=\"twitter:data1\" content=\"1 minute\" \/>\n<script type=\"application\/ld+json\" class=\"yoast-schema-graph\">{\"@context\":\"https:\/\/schema.org\",\"@graph\":[{\"@type\":\"WebSite\",\"@id\":\"https:\/\/thecentralhousehostels.com\/marrakech\/#website\",\"url\":\"https:\/\/thecentralhousehostels.com\/marrakech\/\",\"name\":\"Marrakech\",\"description\":\"Just another The Central House sitios site\",\"potentialAction\":[{\"@type\":\"SearchAction\",\"target\":{\"@type\":\"EntryPoint\",\"urlTemplate\":\"https:\/\/thecentralhousehostels.com\/marrakech\/?s={search_term_string}\"},\"query-input\":\"required name=search_term_string\"}],\"inLanguage\":\"en-GB\"},{\"@type\":\"WebPage\",\"@id\":\"https:\/\/thecentralhousehostels.com\/marrakech\/fr\/#webpage\",\"url\":\"https:\/\/thecentralhousehostels.com\/marrakech\/fr\/\",\"name\":\"The Central House - H\u00f4tel et Chambres \u00e0 Medina, Marrakech\",\"isPartOf\":{\"@id\":\"https:\/\/thecentralhousehostels.com\/marrakech\/#website\"},\"datePublished\":\"2019-10-16T16:13:06+00:00\",\"dateModified\":\"2023-01-04T10:16:39+00:00\",\"description\":\"Vivez l\u2019exp\u00e9rience d\u2019une escapade urbaine authentique \u00e0 Marrakech avec The Central House. \u00c0 Medina, pr\u00e8s du centre-ville, d\u00e9couvrez le v\u00e9ritable Marrakech.\",\"breadcrumb\":{\"@id\":\"https:\/\/thecentralhousehostels.com\/marrakech\/fr\/#breadcrumb\"},\"inLanguage\":\"en-GB\",\"potentialAction\":[{\"@type\":\"ReadAction\",\"target\":[\"https:\/\/thecentralhousehostels.com\/marrakech\/fr\/\"]}]},{\"@type\":\"BreadcrumbList\",\"@id\":\"https:\/\/thecentralhousehostels.com\/marrakech\/fr\/#breadcrumb\",\"itemListElement\":[{\"@type\":\"ListItem\",\"position\":1,\"name\":\"Home\",\"item\":\"https:\/\/thecentralhousehostels.com\/marrakech\/\"},{\"@type\":\"ListItem\",\"position\":2,\"name\":\"Accueil\"}]}]}<\/script>\n<!-- \/ Yoast SEO plugin. -->","yoast_head_json":{"title":"The Central House - H\u00f4tel et Chambres \u00e0 Medina, Marrakech","description":"Vivez l\u2019exp\u00e9rience d\u2019une escapade urbaine authentique \u00e0 Marrakech avec The Central House. \u00c0 Medina, pr\u00e8s du centre-ville, d\u00e9couvrez le v\u00e9ritable Marrakech.","robots":{"index":"index","follow":"follow","max-snippet":"max-snippet:-1","max-image-preview":"max-image-preview:large","max-video-preview":"max-video-preview:-1"},"canonical":"https:\/\/thecentralhousehostels.com\/marrakech\/","og_locale":"en_GB","og_type":"article","og_title":"The Central House - H\u00f4tel et Chambres \u00e0 Medina, Marrakech","og_description":"Vivez l\u2019exp\u00e9rience d\u2019une escapade urbaine authentique \u00e0 Marrakech avec The Central House. \u00c0 Medina, pr\u00e8s du centre-ville, d\u00e9couvrez le v\u00e9ritable Marrakech.","og_url":"https:\/\/thecentralhousehostels.com\/marrakech\/fr\/","og_site_name":"Marrakech","article_modified_time":"2023-01-04T10:16:39+00:00","twitter_card":"summary_large_image","twitter_misc":{"Estimated reading time":"1 minute"},"schema":{"@context":"https:\/\/schema.org","@graph":[{"@type":"WebSite","@id":"https:\/\/thecentralhousehostels.com\/marrakech\/#website","url":"https:\/\/thecentralhousehostels.com\/marrakech\/","name":"Marrakech","description":"Just another The Central House sitios site","potentialAction":[{"@type":"SearchAction","target":{"@type":"EntryPoint","urlTemplate":"https:\/\/thecentralhousehostels.com\/marrakech\/?s={search_term_string}"},"query-input":"required name=search_term_string"}],"inLanguage":"en-GB"},{"@type":"WebPage","@id":"https:\/\/thecentralhousehostels.com\/marrakech\/fr\/#webpage","url":"https:\/\/thecentralhousehostels.com\/marrakech\/fr\/","name":"The Central House - H\u00f4tel et Chambres \u00e0 Medina, Marrakech","isPartOf":{"@id":"https:\/\/thecentralhousehostels.com\/marrakech\/#website"},"datePublished":"2019-10-16T16:13:06+00:00","dateModified":"2023-01-04T10:16:39+00:00","description":"Vivez l\u2019exp\u00e9rience d\u2019une escapade urbaine authentique \u00e0 Marrakech avec The Central House. \u00c0 Medina, pr\u00e8s du centre-ville, d\u00e9couvrez le v\u00e9ritable Marrakech.","breadcrumb":{"@id":"https:\/\/thecentralhousehostels.com\/marrakech\/fr\/#breadcrumb"},"inLanguage":"en-GB","potentialAction":[{"@type":"ReadAction","target":["https:\/\/thecentralhousehostels.com\/marrakech\/fr\/"]}]},{"@type":"BreadcrumbList","@id":"https:\/\/thecentralhousehostels.com\/marrakech\/fr\/#breadcrumb","itemListElement":[{"@type":"ListItem","position":1,"name":"Home","item":"https:\/\/thecentralhousehostels.com\/marrakech\/"},{"@type":"ListItem","position":2,"name":"Accueil"}]}]}},"_links":{"self":[{"href":"https:\/\/thecentralhousehostels.com\/marrakech\/wp-json\/wp\/v2\/pages\/7694"}],"collection":[{"href":"https:\/\/thecentralhousehostels.com\/marrakech\/wp-json\/wp\/v2\/pages"}],"about":[{"href":"https:\/\/thecentralhousehostels.com\/marrakech\/wp-json\/wp\/v2\/types\/page"}],"author":[{"embeddable":true,"href":"https:\/\/thecentralhousehostels.com\/marrakech\/wp-json\/wp\/v2\/users\/1"}],"replies":[{"embeddable":true,"href":"https:\/\/thecentralhousehostels.com\/marrakech\/wp-json\/wp\/v2\/comments?post=7694"}],"version-history":[{"count":15,"href":"https:\/\/thecentralhousehostels.com\/marrakech\/wp-json\/wp\/v2\/pages\/7694\/revisions"}],"predecessor-version":[{"id":8411,"href":"https:\/\/thecentralhousehostels.com\/marrakech\/wp-json\/wp\/v2\/pages\/7694\/revisions\/8411"}],"wp:attachment":[{"href":"https:\/\/thecentralhousehostels.com\/marrakech\/wp-json\/wp\/v2\/media?parent=7694"}],"curies":[{"name":"wp","href":"https:\/\/api.w.org\/{rel}","templated":true}]}}